ose -19 = 3*c - 16. Let y(p) = 7*p**2 - p - 5. Let u(w) = -15*w**2 + 2*w + 11. Let n(x) = 4*u(x) + 9*y(x). Give n(c).
3
Let p = 6 - -1. Let o(g) = 13*g**3 - g**2 - 25*g - 12. Let y(d) = 7*d**3 - 13*d - 6. Let k(j) = 6*o(j) - 11*y(j). What is k(p)?
-6
Let u(w) = -w**3 + 4*w**2 + 7*w - 11. Let n(m) = -1. Let p(t) = 6*n(t) - u(t). Give p(5).
-5
Let p(q) = -q**3 + 4*q**2 + 5*q + 3. Suppose 4*a = -6 + 26. What is p(a)?
3
Let l(w) = 7*w**3 - 4*w + 3. Let i(c) = 6*c**3 - 4*c + 3. Let j(u) = 6*i(u) - 5*l(u). Let f = 1 + 1. Give j(f).
3
Let u(d) = 11*d - 29. Let q(w) = 7*w - 19. Let s(v) = -8*q(v) + 5*u(v). Determine s(6).
1
Let f(d) = d**2 + 1. Let a be f(2). Suppose 0 = -l - a*b + 15, 0*l - b + 22 = 4*l. Let m(k) = -k**3 + 4*k**2 + 3*k. What is m(l)?
-10
Let j(u) = u**2 + 3*u - 5. Suppose -5*s = 5*n + 5, -2*s = 5*n - 4*n + 5. Let y = s - -6. Suppose -2*l + z - 9 = 2*z, -y*l = 4*z + 6. Give j(l).
5
Let p be 5 - 8/(0 - -4). Let c(z) = -z**2 + 3. What is c(p)?
-6
Let s(m) be the third derivative of 0 - 5/6*m**3 + 2*m**2 + 0*m - 1/24*m**4. What is s(0)?
-5
Suppose 3*a - 15 = -0*a. Let f(j) = -6*j - 2. Let t(w) = -5*w - 2. Let x = -9 - -16. Let y(b) = x*t(b) - 6*f(b). Calculate y(a).
3
Suppose -4*j = -0*j + 16. Let c(t) = -3. Let l(b) = -b**2 - 2. Let n(d) = j*l(d) + 3*c(d). Calculate n(-1).
3
Let o be (-4)/3*-3*-1. Let h be o - 0/(2 - 3). Let c(j) = 2*j + 6. Let p(f) = -f - 3. Let r(l) = 2*c(l) + 5*p(l). Give r(h).
1
Suppose d - 5 + 3 = 0. Let x = -4 + 6. Let t(q) = -q**2 + q**3 - q**2 + x*q - 3 + 0*q**2. What is t(d)?
1
Let h(q) = -14*q**2 + 4*q + 1. Let j(v) = -14*v**2 + 5*v + 1. Let m = -25 - -23. Let s(b) = m*j(b) + 3*h(b). Calculate s(-1).
-15
Let v(m) = -m**2 + 6*m - 6. Let a be v(5). Let q(o) = -3*o**3 + o**2 - o - 1. Calculate q(a).
4
Let f = -7 + 9. Let c(u) = -2*u - 3*u**2 + f*u**2 + 7*u + 3 + 0*u**2. Give c(5).
3
Let s(c) = -5*c - 5*c + 5*c - 1 - 3*c. Determine s(1).
-9
Let j(m) = 7*m + 4. Let q(d) = 6*d + 3. Let r(y) = -2*j(y) + 3*q(y). Suppose u + 5*x + 24 = -3*u, -4*x - 13 = -3*u. Let f be (u/(-3))/((-1)/3). Calculate r(f).
-3
Let v be -2*(-1 - 4/(-8)). Let a(d) = -6*d - d**2 - 1 + 0*d - v - d. Determine a(-6).
4
Let p(u) = -2*u**2 + 4*u - 2. Suppose 14*j - 15*j + 3 = 0. What is p(j)?
-8
Let h(w) = -w**3 + 5*w**2 - 6*w + 6. Suppose 3*z - 4*n = 0, 0 = -n - 1 + 4. Determine h(z).
-2
Let i(c) = -5*c**2 + 4*c - 4. Suppose -t + 3*g = -5, 3*t + g = -2*g + 15. Let k(d) = -4*d**2 + 4*d - 3. Let j(s) = t*i(s) - 6*k(s). Calculate j(-3).
1
Let p(j) = -j**3 - 2*j**2 - 4*j - 2. Suppose -2*f + 5*f = -6. Let t be p(f). Let d(y) = -y + 9. Determine d(t).
3
Let o be (1 + -9)*(-5)/(-10). Let c(b) = 4*b - 2. What is c(o)?
-18
Let b(k) = 2*k**3 + 7*k**2 + 7*k - 12. Let f(y) = 3*y**3 + 10*y**2 + 10*y - 18. Let c(i) = 7*b(i) - 5*f(i). Determine c(0).
6
Let t(w) = -w. Let p(m) = -5*m + 13. Let q(l) = p(l) - 6*t(l). Calculate q(0).
13
Suppose -4*p - m = -21, 0 = -0*p + 2*p - 4*m - 6. Let u(t) = -t**3 + 6*t**2 - 5*t - 6. What is u(p)?
-6
Let j(z) = -2*z + 3. Let d(y) = -y + 1. Let h(i) = 3*d(i) - j(i). Calculate h(5).
-5
Let n be (8/10)/(1/5). Suppose 0*i = -2*i + 2*q, 0 = -n*i - q. Let m(f) be the third derivative of -f**5/60 + f**3/6 - 13*f**2. Give m(i).
1
Let q(t) be the third derivative of -1/24*t**4 + 0*t - 1/60*t**5 + 2*t**2 + 1/6*t**3 + 0. Determine q(-2).
-1
Let z(p) be the third derivative of p**6/120 - p**5/60 - p**4/24 + p**3/6 + 6*p**2. Calculate z(0).
1
Let t(l) be the second derivative of l**4/24 + 4*l**3/3 + l**2/2 + 2*l. Let h(r) be the first derivative of t(r). Let w be (-1 - -1 - 0)/(-1). Determine h(w).
8
Let p(r) = 25 - 25 - 8*r. What is p(1)?
-8
Let g(l) = l**3 - l**2 + l - 10. Let k = 4 - 4. Give g(k).
-10
Let g(l) = l + 2. Let h be -6 - (4 + -10 - -2). Give g(h).
0
Suppose -3*l + 2*l = -5. Suppose 10 + l = 5*d. Let u(t) = -t + 0*t**2 + 2*t**2 - t**2. What is u(d)?
6
Let m = 15 - 3. Let s = m + -8. Let r(y) = y**3 - 4*y**2 - y + 5. Give r(s).
1
Suppose -4*z + 30 - 6 = 0. Let s(q) = q**2 - 10*q + 6. Determine s(z).
-18
Suppose 3*v + 0*x - 5*x + 27 = 0, 3*v + 6 = -2*x. Let f(s) = s**3 + 0*s**3 - 2 - 3*s + 4*s**2 + s. Give f(v).
6
Let z(y) be the third derivative of 1/2*y**3 + 1/6*y**4 - 1/60*y**5 - 5*y**2 + 0*y + 0. Determine z(3).
6
Let a(c) = 0*c - 5 - 2*c + 4. Let u(r) = -r**2 + 5*r - 4. Let x be u(5). Calculate a(x).
7
Let h(o) be the second derivative of o**5/20 + 5*o**4/12 - o**3/2 + 3*o**2/2 + 4*o. Determine h(-5).
18
Let d(l) be the third derivative of -l**5/60 - 7*l**4/24 - l**3/6 + 21*l**2. Let i(o) = -o. Let f be i(6). Calculate d(f).
5
Let w(f) = 2 + 7*f - 2*f + 0*f**2 - f**2 + f. Let y be w(5). Let n = y + -12. Let j(g) = g**2 + 4*g - 2. Calculate j(n).
3
Let k(y) be the second derivative of y**5/20 - 5*y**4/12 + 5*y**3/6 - 2*y**2 - y. Let v be k(4). Let q(m) = -m**3 - 32*m + 2*m**3 + 5 + 31*m. Determine q(v).
5
Let x(c) = 6*c**2 + 4*c + 5. Let q(f) = -f**3 - f. Let m = -5 + 4. Let h(y) = m*q(y) + x(y). Give h(-5).
5
Let r = 18 + -11. Let q = -5 - -3. Let a = r + q. Let k(y) = y**3 - 6*y**2 + 6*y + 1. What is k(a)?
6
Let u(o) = o**3 - o + 1. Let c(d) = -8 + d + 3*d**3 - 5*d + 5. Let x(q) = c(q) - 4*u(q). Give x(0).
-7
Let p(c) = -c**3 + 4*c**2 - 2*c - 1. Let n(d) = d + 11. Let x(t) = -3*t - 21. Let i(o) = 7*n(o) + 3*x(o). Let m be i(6). Determine p(m).
3
Let o(l) = -l - 6. Let y(q) = -q - 6. Let n(t) = 3*o(t) - 2*y(t). Calculate n(-8).
2
Let g(b) = 5*b - 2. Suppose 2*m - 7*m + i + 12 = 0, 0 = 3*m - 4*i - 14. Calculate g(m).
8
Let h(l) = l**3 - l**2 + l - 3. Let i be h(0). Let v(b) be the third derivative of -b**5/60 - b**4/12 + 5*b**2. Give v(i).
-3
Let d be ((-18)/8)/(6/(-16)). Let n(b) = -b**3 + 5*b**2 + 5*b + 8. Determine n(d).
2
Let i(p) = -14*p**3 + 2*p**2 - 11*p - 6. Let d(g) = -g**2 - 2 - 3*g**3 + 8*g**3 + 5*g - g + 4. Let l(y) = 11*d(y) + 4*i(y). What is l(-3)?
-2
Suppose -p + 3 = 5. Let y be (3/6)/1*p. Let z(n) = 4*n. What is z(y)?
-4
Let y(w) = 5 - 14*w + 9*w + 15 - 12*w + w**2. Let r be y(16). Let m(v) = -2*v - 8. Let z(l) = -1. Let u(d) = -m(d) + 5*z(d). What is u(r)?
11
Suppose 2*p - 6 = 4. Let u(t) = -p*t**2 + 3 + 2*t**3 - 3*t**2 + 4*t**2 - t**3. Give u(3).
-6
Let f(k) = k**2 - k - 4. Let u = 6 - 3. Let c be f(u). Let q(s) = s - 3. Calculate q(c).
-1
Let k = 5 + 1. Suppose 4 = -4*y, 5*y - 5 = -4*b - 18. Let t = k + b. Let n(i) = 3*i - 5. What is n(t)?
7
Let c(y) be the second derivative of y**3/6 + 9*y**2/2 - 2*y. Let a be c(-4). Let v(k) = -4*k + 3 + a - k**2 - 3. Calculate v(-5).
0
Let q(g) = 2*g**2 + 5*g - 1. Let p(x) = x - 5. Let y be p(0). Let o(f) = f**2 + 3*f - 1. Let m(w) = y*o(w) + 3*q(w). Let v = 4 + -2. Calculate m(v).
6
Let y(z) be the second derivative of -1/6*z**4 - 1/144*z**6 + z + 1/40*z**5 + 0 + 0*z**3 + 0*z**2. Let n(h) be the third derivative of y(h). Determine n(2).
-7
Let s = 92 - 92. Let k(j) = j**2 + j - 12. What is k(s)?
-12
Let s = 6 - 4. Let c(r) = 13 - 2*r**s + r**2 - 11. Give c(-3).
-7
Let p(v) = -2*v**2 + 3*v - 4. Let t be p(1). Let f(q) = q**3 + 5*q**2 + 4*q + 1. Give f(t).
7
Suppose -2*y + y = -4. Let r(u) be the second derivative of u**2/2 + 2*u. Let t(i) = i + 8. Let s(g) = 4*r(g) - t(g). Give s(y).
-8
Let h(g) = 2*g**2 - 2*g**2 + 0*g**2 + g**2 - 2. Determine h(0).
-2
Let j(d) = d - 15*d**2 + 33*d**2 - 20*d**2. What is j(2)?
-6
Let c(g) = g**3 - 7*g**2 + 6*g - 2. Let l(s) = -s + 12. Let p be l(6). Determine c(p).
-2
Let g = -7 + 3. Let j(c) be the first derivative of -c**5/120 - 2*c**3/3 + 1. Let y(p) be the third derivative of j(p). What is y(g)?
4
Let c(d) = d**2 + 4*d + 3. Let u(k) = 2*k + 2. Let z be u(-4). Let p(j) = j + 13. Let s be p(z). Suppose v + 22 = -4*a + s, 0 = -5*a - 2*v - 18. Give c(a).
3
Let b = -2 - 2. Let u = -1 - b. Let c(t) = t**3 - 4*t**2 + 3*t + 1. Determine c(u).
1
Let u(f) = -f + 2. Let w be u(0). Suppose -3*x = -14 + w, -y = 4*x - 20. Suppose -3*a = 2*h - 5*a + 8, y*h = -3*a + 19. Let z(b) = 4*b. Calculate z(h).
4
Let h(p) = -p**2 + 7*p - 7. Let g be h(5). Let n(x) = -2*x**g - 8*x**2 + 6*x**2 + 3*x**3 - 4*x + 4 - x**2. Determine n(4).
4
Let h(r) = r**2 - 2*r - 4*r + 7 + 7*r. Let p(s) = s**3 - 7*s**2 + 7*s - 4. Let i be p(6). Let y be -1*i + (1 - -1). Give h(y).
7
Let q(o) = -o - 8. Let n be q(-14). Let h = 5 - n. Let a(j) = 3*j**2 - 2*j**2 - 5*j**2 + 1. W